{"id":63,"date":"2016-02-15T22:04:10","date_gmt":"2016-02-15T21:04:10","guid":{"rendered":"http:\/\/localhost\/wordpress\/?page_id=63"},"modified":"2025-05-19T00:17:18","modified_gmt":"2025-05-18T22:17:18","slug":"verein","status":"publish","type":"page","link":"https:\/\/www.forchheimer-waldstrolche.de\/?page_id=63","title":{"rendered":"Verein"},"content":{"rendered":"<p><a href=\"https:\/\/www.forchheimer-waldstrolche.de\/wp-content\/uploads\/2017\/05\/Strolchlogo-768x347-1.jpg\"><img loading=\"lazy\" class=\"size-medium wp-image-2894 aligncenter\" src=\"https:\/\/www.forchheimer-waldstrolche.de\/wp-content\/uploads\/2017\/05\/Strolchlogo-768x347-1-300x136.jpg\" alt=\"\" width=\"300\" height=\"136\" srcset=\"https:\/\/www.forchheimer-waldstrolche.de\/wp-content\/uploads\/2017\/05\/Strolchlogo-768x347-1-300x136.jpg 300w, https:\/\/www.forchheimer-waldstrolche.de\/wp-content\/uploads\/2017\/05\/Strolchlogo-768x347-1-150x68.jpg 150w, https:\/\/www.forchheimer-waldstrolche.de\/wp-content\/uploads\/2017\/05\/Strolchlogo-768x347-1.jpg 768w\" sizes=\"(max-width: 300px) 100vw, 300px\" \/><\/a>Der Verein <strong>Waldkindergarten Wiesenttal e.V.<\/strong>\u00a0ist ein Elternverein und besteht seit 1998 als Tr\u00e4gerverein des gleichnamigen Waldkindergartens in Streitberg (<a href=\"http:\/\/www.forchheimer-waldstrolche.de\/wp-content\/uploads\/2016\/02\/satzung.pdf\" target=\"_blank\" rel=\"noopener\">Satzung<\/a>).\u00a0Seit 2014 ist er auch der Tr\u00e4ger der Forchheimer Waldstrolche und seit 2020 der Tr\u00e4ger des Waldkindergartens in Plankenfels.<\/p>\n<p><strong>Warum hat der Kindergarten einen Tr\u00e4gerverein und was sind seine Aufgaben?<\/strong><\/p>\n<section>Der Tr\u00e4ger k\u00fcmmert sich um die organisatorischen Belange, ist Bindeglied zwischen den Beh\u00f6rden und der Einrichtung und verwaltet die Finanzen.<br \/>Der Vorstand des Waldkindergartenvereins entscheidet zusammen mit den Erziehern \u00fcber Investitionen jeglicher Art wie Spielger\u00e4te, Fortbildungen etc. und rechnet die Gelder mit dem Land Bayern und dem Bund ab.<br \/>Die Mitglieder des Vereins beschlie\u00dfen die Zusammensetzung des Vorstandes und sind direkt und indirekt Entscheider im Verein.<br \/>Ohne den Verein w\u00fcrden die beiden Waldkinderg\u00e4rten nicht bestehen.<br \/>Wir freuen uns immer \u00fcber neue Mitglieder, denn neben einer Mitgliedschaft f\u00fcr die Eltern der von uns betreuten Kinder gibt es auch die M\u00f6glichkeit f\u00fcr eine F\u00f6rdermitgliedschaft.<\/section>\n<section><\/section>\n<section><\/section>\n<section><\/section>\n<section><\/section>\n<section><\/section>\n<section><\/section>\n<section>\n<p><strong>Adresse des Vereins<\/strong><\/p>\n<\/section>\n<section>Waldkindergarten Wiesenttal e.V.<br \/>Muschelquellenweg 11<br \/>91346 Wiesenttal\/Streitberg<br \/><a href=\"http:\/\/www.waldkindergarten-wiesenttal.de\">www.waldkindergarten-wiesenttal.de<\/a><br \/><a href=\"mailto:info@waldkindergarten-wiesenttal.de\">info@waldkindergarten-wiesenttal.de<\/a><\/section>\n<section><strong><br \/>Bankverbindung<br \/><\/strong>Sparkasse Forchheim<\/section>\n<section>IBAN: DE85 7635 1040 0000 3099 97<br \/>BIC: BYLADEM1FOR<\/section>\n<section><\/section>\n<section>Der Vorstand besteht aus folgenden Personen:\n<p><strong>1. Vorstand<\/strong>: Nils Jaehnichen<br \/><strong>2. Vorstand<\/strong>: Daniela Eisner<br \/><strong>Kassenwart<\/strong>: Karin Kropfelder<\/p>\n<\/section>\n<p><a href=\"https:\/\/www.forchheimer-waldstrolche.de\/wp-content\/uploads\/2017\/05\/Strolchlogo-768x347-1.jpg\"><img loading=\"lazy\" class=\"alignright wp-image-2894 size-full\" src=\"https:\/\/www.forchheimer-waldstrolche.de\/wp-content\/uploads\/2017\/05\/Strolchlogo-768x347-1.jpg\" alt=\"\" width=\"768\" height=\"347\" srcset=\"https:\/\/www.forchheimer-waldstrolche.de\/wp-content\/uploads\/2017\/05\/Strolchlogo-768x347-1.jpg 768w, https:\/\/www.forchheimer-waldstrolche.de\/wp-content\/uploads\/2017\/05\/Strolchlogo-768x347-1-300x136.jpg 300w, https:\/\/www.forchheimer-waldstrolche.de\/wp-content\/uploads\/2017\/05\/Strolchlogo-768x347-1-150x68.jpg 150w\" sizes=\"(max-width: 768px) 100vw, 768px\" \/><\/a><\/p>\n\n\n<figure class=\"wp-container-2 wp-block-gallery-1 wp-block-gallery has-nested-images columns-default is-cropped\"><\/figure>\n","protected":false},"excerpt":{"rendered":"<p>Der Verein Waldkindergarten Wiesenttal e.V.\u00a0ist ein Elternverein und besteht seit 1998 als Tr\u00e4gerverein des gleichnamigen Waldkindergartens in Streitberg (Satzung).\u00a0Seit 2014 ist er auch der Tr\u00e4ger der Forchheimer Waldstrolche und seit 2020 der Tr\u00e4ger des Waldkindergartens in Plankenfels. Warum hat der Kindergarten einen Tr\u00e4gerverein und was sind seine Aufgaben? Der Tr\u00e4ger\u2026<\/p>\n<p> <a class=\"continue-reading-link\" href=\"https:\/\/www.forchheimer-waldstrolche.de\/?page_id=63\"><span>WEITERLESEN<\/span><i class=\"crycon-right-dir\"><\/i><\/a> <\/p>\n","protected":false},"author":1,"featured_media":0,"parent":0,"menu_order":0,"comment_status":"closed","ping_status":"closed","template":"","meta":[],"_links":{"self":[{"href":"https:\/\/www.forchheimer-waldstrolche.de\/index.php?rest_route=\/wp\/v2\/pages\/63"}],"collection":[{"href":"https:\/\/www.forchheimer-waldstrolche.de\/index.php?rest_route=\/wp\/v2\/pages"}],"about":[{"href":"https:\/\/www.forchheimer-waldstrolche.de\/index.php?rest_route=\/wp\/v2\/types\/page"}],"author":[{"embeddable":true,"href":"https:\/\/www.forchheimer-waldstrolche.de\/index.php?rest_route=\/wp\/v2\/users\/1"}],"replies":[{"embeddable":true,"href":"https:\/\/www.forchheimer-waldstrolche.de\/index.php?rest_route=%2Fwp%2Fv2%2Fcomments&post=63"}],"version-history":[{"count":28,"href":"https:\/\/www.forchheimer-waldstrolche.de\/index.php?rest_route=\/wp\/v2\/pages\/63\/revisions"}],"predecessor-version":[{"id":3272,"href":"https:\/\/www.forchheimer-waldstrolche.de\/index.php?rest_route=\/wp\/v2\/pages\/63\/revisions\/3272"}],"wp:attachment":[{"href":"https:\/\/www.forchheimer-waldstrolche.de\/index.php?rest_route=%2Fwp%2Fv2%2Fmedia&parent=63"}],"curies":[{"name":"wp","href":"https:\/\/api.w.org\/{rel}","templated":true}]}}

<p><a href="https://www.forchheimer-waldstrolche.de/wp-content/uploads/2017/05/Strolchlogo-768x347-1.jpg"><img loading="lazy" class="size-medium wp-image-2894 aligncenter" src="https://www.forchheimer-waldstrolche.de/wp-content/uploads/2017/05/Strolchlogo-768x347-1-300x136.jpg" alt="" width="300" height="136" srcset="https://www.forchheimer-waldstrolche.de/wp-content/uploads/2017/05/Strolchlogo-768x347-1-300x136.jpg 300w, https://www.forchheimer-waldstrolche.de/wp-content/uploads/2017/05/Strolchlogo-768x347-1-150x68.jpg 150w, https://www.forchheimer-waldstrolche.de/wp-content/uploads/2017/05/Strolchlogo-768x347-1.jpg 768w" sizes="(max-width: 300px) 100vw, 300px" /></a>Der Verein <strong>Waldkindergarten Wiesenttal e.V.</strong> ist ein Elternverein und besteht seit 1998 als Trägerverein des gleichnamigen Waldkindergartens in Streitberg (<a href="http://www.forchheimer-waldstrolche.de/wp-content/uploads/2016/02/satzung.pdf" target="_blank" rel="noopener">Satzung</a>). Seit 2014 ist er auch der Träger der Forchheimer Waldstrolche und seit 2020 der Träger des Waldkindergartens in Plankenfels.</p>
<p><strong>Warum hat der Kindergarten einen Trägerverein und was sind seine Aufgaben?</strong></p>
<section>Der Träger kümmert sich um die organisatorischen Belange, ist Bindeglied zwischen den Behörden und der Einrichtung und verwaltet die Finanzen.<br />Der Vorstand des Waldkindergartenvereins entscheidet zusammen mit den Erziehern über Investitionen jeglicher Art wie Spielgeräte, Fortbildungen etc. und rechnet die Gelder mit dem Land Bayern und dem Bund ab.<br />Die Mitglieder des Vereins beschließen die Zusammensetzung des Vorstandes und sind direkt und indirekt Entscheider im Verein.<br />Ohne den Verein würden die beiden Waldkindergärten nicht bestehen.<br />Wir freuen uns immer über neue Mitglieder, denn neben einer Mitgliedschaft für die Eltern der von uns betreuten Kinder gibt es auch die Möglichkeit für eine Fördermitgliedschaft.</section>
<section></section>
<section></section>
<section></section>
<section></section>
<section></section>
<section></section>
<section>
<p><strong>Adresse des Vereins</strong></p>
</section>
<section>Waldkindergarten Wiesenttal e.V.<br />Muschelquellenweg 11<br />91346 Wiesenttal/Streitberg<br /><a href="http://www.waldkindergarten-wiesenttal.de">www.waldkindergarten-wiesenttal.de</a><br /><a href="mailto:info@waldkindergarten-wiesenttal.de">info@waldkindergarten-wiesenttal.de</a></section>
<section><strong><br />Bankverbindung<br /></strong>Sparkasse Forchheim</section>
<section>IBAN: DE85 7635 1040 0000 3099 97<br />BIC: BYLADEM1FOR</section>
<section></section>
<section>Der Vorstand besteht aus folgenden Personen:
<p><strong>1. Vorstand</strong>: Nils Jaehnichen<br /><strong>2. Vorstand</strong>: Daniela Eisner<br /><strong>Kassenwart</strong>: Karin Kropfelder</p>
</section>
<p><a href="https://www.forchheimer-waldstrolche.de/wp-content/uploads/2017/05/Strolchlogo-768x347-1.jpg"><img loading="lazy" class="alignright wp-image-2894 size-full" src="https://www.forchheimer-waldstrolche.de/wp-content/uploads/2017/05/Strolchlogo-768x347-1.jpg" alt="" width="768" height="347" srcset="https://www.forchheimer-waldstrolche.de/wp-content/uploads/2017/05/Strolchlogo-768x347-1.jpg 768w, https://www.forchheimer-waldstrolche.de/wp-content/uploads/2017/05/Strolchlogo-768x347-1-300x136.jpg 300w, https://www.forchheimer-waldstrolche.de/wp-content/uploads/2017/05/Strolchlogo-768x347-1-150x68.jpg 150w" sizes="(max-width: 768px) 100vw, 768px" /></a></p>


<figure class="wp-container-2 wp-block-gallery-1 wp-block-gallery has-nested-images columns-default is-cropped"></figure>

<p>Der Verein Waldkindergarten Wiesenttal e.V. ist ein Elternverein und besteht seit 1998 als Trägerverein des gleichnamigen Waldkindergartens in Streitberg (Satzung). Seit 2014 ist er auch der Träger der Forchheimer Waldstrolche und seit 2020 der Träger des Waldkindergartens in Plankenfels. Warum hat der Kindergarten einen Trägerverein und was sind seine Aufgaben? Der Träger…</p>
<p> <a class="continue-reading-link" href="https://www.forchheimer-waldstrolche.de/?page_id=63"><span>WEITERLESEN</span><i class="crycon-right-dir"></i></a> </p>
