{"id":1627,"date":"2016-10-18T18:10:12","date_gmt":"2016-10-18T18:10:12","guid":{"rendered":"http:\/\/www.forchheimer-waldstrolche.de\/?page_id=1627"},"modified":"2025-05-19T00:32:14","modified_gmt":"2025-05-18T22:32:14","slug":"impressum-2","status":"publish","type":"page","link":"https:\/\/www.forchheimer-waldstrolche.de\/?page_id=1627","title":{"rendered":"Impressum"},"content":{"rendered":"\n<p style=\"text-align: center;\"><a href=\"https:\/\/www.forchheimer-waldstrolche.de\/wp-content\/uploads\/2017\/05\/Strolchlogo-768x347-1.jpg\"><img loading=\"lazy\" class=\"size-medium wp-image-2894 aligncenter\" src=\"https:\/\/www.forchheimer-waldstrolche.de\/wp-content\/uploads\/2017\/05\/Strolchlogo-768x347-1-300x136.jpg\" alt=\"\" width=\"300\" height=\"136\" srcset=\"https:\/\/www.forchheimer-waldstrolche.de\/wp-content\/uploads\/2017\/05\/Strolchlogo-768x347-1-300x136.jpg 300w, https:\/\/www.forchheimer-waldstrolche.de\/wp-content\/uploads\/2017\/05\/Strolchlogo-768x347-1-150x68.jpg 150w, https:\/\/www.forchheimer-waldstrolche.de\/wp-content\/uploads\/2017\/05\/Strolchlogo-768x347-1.jpg 768w\" sizes=\"(max-width: 300px) 100vw, 300px\" \/><\/a><\/p>\n\n\n<h2>Impressum<\/h2>\n<h3>Angaben gem\u00e4\u00df \u00a7 5 TMG<\/h3>\n<p>Waldkindergarten Wiesenttal e.V.<br \/>Muschelquellenweg 11<br \/>91346 Wiesenttal\/Streitberg<\/p>\n<p>Vertreten durch:<\/p>\n<p>1. Vorstand: Nils Jaehnichen<br \/>2. Vorstand: Daniela Eisner<\/p>\n<h3>Kontakt<\/h3>\n<p>Telefon: +49 (0) 159 \/ 01342596<br \/>E-Mail: leitung@forchheimer-waldstrolche.de<\/p>\n<h3>Verantwortlich f\u00fcr den Inhalt i.S.d. \u00a7 18 MStV<\/h3>\n<p>Alina Pfleghardt<br \/>91301 Forchheim<\/p>\n<h3>Verbraucherstreitbeilegung\/Universalschlichtungsstelle<\/h3>\n<p>Wir sind nicht bereit oder verpflichtet, an Streitbeilegungsverfahren vor einer Verbraucherschlichtungsstelle teilzunehmen.<\/p>\n<h3>Haftung f\u00fcr Inhalte<\/h3>\n<p>Als Diensteanbieter sind wir gem\u00e4\u00df \u00a7 7 Abs.1 TMG f\u00fcr eigene Inhalte auf diesen Seiten nach den allgemeinen Gesetzen verantwortlich. Nach \u00a7\u00a7 8 bis 10 TMG sind wir als Diensteanbieter jedoch nicht verpflichtet, \u00fcbermittelte oder gespeicherte fremde Informationen zu \u00fcberwachen oder nach Umst\u00e4nden zu forschen, die auf eine rechtswidrige T\u00e4tigkeit hinweisen.<\/p>\n<p>Verpflichtungen zur Entfernung oder Sperrung der Nutzung von Informationen nach den allgemeinen<br \/>Gesetzen bleiben hiervon unber\u00fchrt. Eine diesbez\u00fcgliche Haftung ist jedoch erst ab dem Zeitpunkt der Kenntnis einer konkreten Rechtsverletzung m\u00f6glich. Bei Bekanntwerden von entsprechenden Rechtsverletzungen werden wir diese Inhalte umgehend entfernen.<\/p>\n<h3>Haftung f\u00fcr Links<\/h3>\n<p>Unser Angebot enth\u00e4lt Links zu externen Websites Dritter, auf deren Inhalte wir keinen Einfluss haben. Deshalb k\u00f6nnen wir f\u00fcr diese fremden Inhalte auch keine Gew\u00e4hr \u00fcbernehmen. F\u00fcr die Inhalte der verlinkten Seiten ist stets der jeweilige Anbieter oder Betreiber der Seiten verantwortlich. Die verlinkten Seiten wurden zum Zeitpunkt der Verlinkung auf m\u00f6gliche Rechtsverst\u00f6\u00dfe \u00fcberpr\u00fcft. Rechtswidrige Inhalte waren zum Zeitpunkt der Verlinkung nicht erkennbar.<\/p>\n<p>Eine permanente inhaltliche Kontrolle der verlinkten Seiten ist jedoch ohne konkrete Anhaltspunkte einer Rechtsverletzung nicht zumutbar. Bei Bekanntwerden von Rechtsverletzungen werden wir derartige Links umgehend entfernen.<\/p>\n<h3>Urheberrecht<\/h3>\n<p>Die durch die Seitenbetreiber erstellten Inhalte und Werke auf diesen Seiten unterliegen dem deutschen Urheberrecht. Die Vervielf\u00e4ltigung, Bearbeitung, Verbreitung und jede Art der Verwertung au\u00dferhalb der Grenzen des Urheberrechtes bed\u00fcrfen der schriftlichen Zustimmung des jeweiligen Autors bzw. Erstellers. Downloads und Kopien dieser Seite sind nur f\u00fcr den privaten, nicht kommerziellen Gebrauch gestattet.<\/p>\n<p>Soweit die Inhalte auf dieser Seite nicht vom Betreiber erstellt wurden, werden die Urheberrechte Dritter beachtet. Insbesondere werden Inhalte Dritter als solche gekennzeichnet. Sollten Sie trotzdem auf eine Urheberrechtsverletzung aufmerksam werden, bitten wir um einen entsprechenden Hinweis. Bei Bekanntwerden von Rechtsverletzungen werden wir derartige Inhalte umgehend entfernen.<\/p>\n<p>Quelle:<br \/><a href=\"https:\/\/www.e-recht24.de\/\" target=\"_blank\" rel=\"noopener noreferrer\">eRecht24<\/a><\/p>\n<p><a href=\"https:\/\/www.forchheimer-waldstrolche.de\/wp-content\/uploads\/2017\/05\/Strolchlogo-768x347-1.jpg\"><img loading=\"lazy\" class=\"alignright wp-image-2894 size-full\" src=\"https:\/\/www.forchheimer-waldstrolche.de\/wp-content\/uploads\/2017\/05\/Strolchlogo-768x347-1.jpg\" alt=\"\" width=\"768\" height=\"347\" srcset=\"https:\/\/www.forchheimer-waldstrolche.de\/wp-content\/uploads\/2017\/05\/Strolchlogo-768x347-1.jpg 768w, https:\/\/www.forchheimer-waldstrolche.de\/wp-content\/uploads\/2017\/05\/Strolchlogo-768x347-1-300x136.jpg 300w, https:\/\/www.forchheimer-waldstrolche.de\/wp-content\/uploads\/2017\/05\/Strolchlogo-768x347-1-150x68.jpg 150w\" sizes=\"(max-width: 768px) 100vw, 768px\" \/><\/a><\/p>","protected":false},"excerpt":{"rendered":"<p>Impressum Angaben gem\u00e4\u00df \u00a7 5 TMG Waldkindergarten Wiesenttal e.V.Muschelquellenweg 1191346 Wiesenttal\/Streitberg Vertreten durch: 1. Vorstand: Nils Jaehnichen2. Vorstand: Daniela Eisner Kontakt Telefon: +49 (0) 159 \/ 01342596E-Mail: leitung@forchheimer-waldstrolche.de Verantwortlich f\u00fcr den Inhalt i.S.d. \u00a7 18 MStV Alina Pfleghardt91301 Forchheim Verbraucherstreitbeilegung\/Universalschlichtungsstelle Wir sind nicht bereit oder verpflichtet, an Streitbeilegungsverfahren vor einer\u2026<\/p>\n<p> <a class=\"continue-reading-link\" href=\"https:\/\/www.forchheimer-waldstrolche.de\/?page_id=1627\"><span>WEITERLESEN<\/span><i class=\"crycon-right-dir\"><\/i><\/a> <\/p>\n","protected":false},"author":1,"featured_media":0,"parent":0,"menu_order":0,"comment_status":"closed","ping_status":"closed","template":"","meta":[],"_links":{"self":[{"href":"https:\/\/www.forchheimer-waldstrolche.de\/index.php?rest_route=\/wp\/v2\/pages\/1627"}],"collection":[{"href":"https:\/\/www.forchheimer-waldstrolche.de\/index.php?rest_route=\/wp\/v2\/pages"}],"about":[{"href":"https:\/\/www.forchheimer-waldstrolche.de\/index.php?rest_route=\/wp\/v2\/types\/page"}],"author":[{"embeddable":true,"href":"https:\/\/www.forchheimer-waldstrolche.de\/index.php?rest_route=\/wp\/v2\/users\/1"}],"replies":[{"embeddable":true,"href":"https:\/\/www.forchheimer-waldstrolche.de\/index.php?rest_route=%2Fwp%2Fv2%2Fcomments&post=1627"}],"version-history":[{"count":20,"href":"https:\/\/www.forchheimer-waldstrolche.de\/index.php?rest_route=\/wp\/v2\/pages\/1627\/revisions"}],"predecessor-version":[{"id":3280,"href":"https:\/\/www.forchheimer-waldstrolche.de\/index.php?rest_route=\/wp\/v2\/pages\/1627\/revisions\/3280"}],"wp:attachment":[{"href":"https:\/\/www.forchheimer-waldstrolche.de\/index.php?rest_route=%2Fwp%2Fv2%2Fmedia&parent=1627"}],"curies":[{"name":"wp","href":"https:\/\/api.w.org\/{rel}","templated":true}]}}

<p style="text-align: center;"><a href="https://www.forchheimer-waldstrolche.de/wp-content/uploads/2017/05/Strolchlogo-768x347-1.jpg"><img loading="lazy" class="size-medium wp-image-2894 aligncenter" src="https://www.forchheimer-waldstrolche.de/wp-content/uploads/2017/05/Strolchlogo-768x347-1-300x136.jpg" alt="" width="300" height="136" srcset="https://www.forchheimer-waldstrolche.de/wp-content/uploads/2017/05/Strolchlogo-768x347-1-300x136.jpg 300w, https://www.forchheimer-waldstrolche.de/wp-content/uploads/2017/05/Strolchlogo-768x347-1-150x68.jpg 150w, https://www.forchheimer-waldstrolche.de/wp-content/uploads/2017/05/Strolchlogo-768x347-1.jpg 768w" sizes="(max-width: 300px) 100vw, 300px" /></a></p>


<h2>Impressum</h2>
<h3>Angaben gemäß § 5 TMG</h3>
<p>Waldkindergarten Wiesenttal e.V.<br />Muschelquellenweg 11<br />91346 Wiesenttal/Streitberg</p>
<p>Vertreten durch:</p>
<p>1. Vorstand: Nils Jaehnichen<br />2. Vorstand: Daniela Eisner</p>
<h3>Kontakt</h3>
<p>Telefon: +49 (0) 159 / 01342596<br />E-Mail: leitung@forchheimer-waldstrolche.de</p>
<h3>Verantwortlich für den Inhalt i.S.d. § 18 MStV</h3>
<p>Alina Pfleghardt<br />91301 Forchheim</p>
<h3>Verbraucherstreitbeilegung/Universalschlichtungsstelle</h3>
<p>Wir sind nicht bereit oder verpflichtet, an Streitbeilegungsverfahren vor einer Verbraucherschlichtungsstelle teilzunehmen.</p>
<h3>Haftung für Inhalte</h3>
<p>Als Diensteanbieter sind wir gemäß § 7 Abs.1 TMG für eigene Inhalte auf diesen Seiten nach den allgemeinen Gesetzen verantwortlich. Nach §§ 8 bis 10 TMG sind wir als Diensteanbieter jedoch nicht verpflichtet, übermittelte oder gespeicherte fremde Informationen zu überwachen oder nach Umständen zu forschen, die auf eine rechtswidrige Tätigkeit hinweisen.</p>
<p>Verpflichtungen zur Entfernung oder Sperrung der Nutzung von Informationen nach den allgemeinen<br />Gesetzen bleiben hiervon unberührt. Eine diesbezügliche Haftung ist jedoch erst ab dem Zeitpunkt der Kenntnis einer konkreten Rechtsverletzung möglich. Bei Bekanntwerden von entsprechenden Rechtsverletzungen werden wir diese Inhalte umgehend entfernen.</p>
<h3>Haftung für Links</h3>
<p>Unser Angebot enthält Links zu externen Websites Dritter, auf deren Inhalte wir keinen Einfluss haben. Deshalb können wir für diese fremden Inhalte auch keine Gewähr übernehmen. Für die Inhalte der verlinkten Seiten ist stets der jeweilige Anbieter oder Betreiber der Seiten verantwortlich. Die verlinkten Seiten wurden zum Zeitpunkt der Verlinkung auf mögliche Rechtsverstöße überprüft. Rechtswidrige Inhalte waren zum Zeitpunkt der Verlinkung nicht erkennbar.</p>
<p>Eine permanente inhaltliche Kontrolle der verlinkten Seiten ist jedoch ohne konkrete Anhaltspunkte einer Rechtsverletzung nicht zumutbar. Bei Bekanntwerden von Rechtsverletzungen werden wir derartige Links umgehend entfernen.</p>
<h3>Urheberrecht</h3>
<p>Die durch die Seitenbetreiber erstellten Inhalte und Werke auf diesen Seiten unterliegen dem deutschen Urheberrecht. Die Vervielfältigung, Bearbeitung, Verbreitung und jede Art der Verwertung außerhalb der Grenzen des Urheberrechtes bedürfen der schriftlichen Zustimmung des jeweiligen Autors bzw. Erstellers. Downloads und Kopien dieser Seite sind nur für den privaten, nicht kommerziellen Gebrauch gestattet.</p>
<p>Soweit die Inhalte auf dieser Seite nicht vom Betreiber erstellt wurden, werden die Urheberrechte Dritter beachtet. Insbesondere werden Inhalte Dritter als solche gekennzeichnet. Sollten Sie trotzdem auf eine Urheberrechtsverletzung aufmerksam werden, bitten wir um einen entsprechenden Hinweis. Bei Bekanntwerden von Rechtsverletzungen werden wir derartige Inhalte umgehend entfernen.</p>
<p>Quelle:<br /><a href="https://www.e-recht24.de/" target="_blank" rel="noopener noreferrer">eRecht24</a></p>
<p><a href="https://www.forchheimer-waldstrolche.de/wp-content/uploads/2017/05/Strolchlogo-768x347-1.jpg"><img loading="lazy" class="alignright wp-image-2894 size-full" src="https://www.forchheimer-waldstrolche.de/wp-content/uploads/2017/05/Strolchlogo-768x347-1.jpg" alt="" width="768" height="347" srcset="https://www.forchheimer-waldstrolche.de/wp-content/uploads/2017/05/Strolchlogo-768x347-1.jpg 768w, https://www.forchheimer-waldstrolche.de/wp-content/uploads/2017/05/Strolchlogo-768x347-1-300x136.jpg 300w, https://www.forchheimer-waldstrolche.de/wp-content/uploads/2017/05/Strolchlogo-768x347-1-150x68.jpg 150w" sizes="(max-width: 768px) 100vw, 768px" /></a></p>

<p>Impressum Angaben gemäß § 5 TMG Waldkindergarten Wiesenttal e.V.Muschelquellenweg 1191346 Wiesenttal/Streitberg Vertreten durch: 1. Vorstand: Nils Jaehnichen2. Vorstand: Daniela Eisner Kontakt Telefon: +49 (0) 159 / 01342596E-Mail: leitung@forchheimer-waldstrolche.de Verantwortlich für den Inhalt i.S.d. § 18 MStV Alina Pfleghardt91301 Forchheim Verbraucherstreitbeilegung/Universalschlichtungsstelle Wir sind nicht bereit oder verpflichtet, an Streitbeilegungsverfahren vor einer…</p>
<p> <a class="continue-reading-link" href="https://www.forchheimer-waldstrolche.de/?page_id=1627"><span>WEITERLESEN</span><i class="crycon-right-dir"></i></a> </p>
